+ 6 + 1 = -5*h, 3*j - 5*h = -1. Let v(s) be the first derivative of s**3/3 - 9*s**2/2 + 2*s - 227. Determine v(j).
-6
Let n(y) = -y**3 + 2*y**2 - 2*y + 1. Suppose 30*v = 26*v + 72. Suppose -v = 5*u - 23. Give n(u).
0
Suppose r + 1 + 7 = 4*v, 2*r - 8 = 0. Let i(q) = q**3 - 4*q**2 + 3*q - 3. Calculate i(v).
-3
Let y be (-1431)/(-954) - 3/(-4)*-2. Let b(w) be the third derivative of -1/60*w**5 + 5/24*w**4 + 0*w + y - 4*w**2 + 2/3*w**3. Give b(5).
4
Suppose -8 + 2 = -2*l. Let h be (13/13)/(2/4). Let s(q) = 3*q - 1 - 4*q**2 - 22*q**3 - 2*q + q**h + 23*q**3. What is s(l)?
2
Suppose -3*o + 4*k - 21 = -8*o, 2*o - 2*k + 6 = 0. Let l(h) be the second derivative of 2*h**3/3 - h**2/2 - 2*h. What is l(o)?
3
Let x(d) = d**2 - 6*d. Suppose 2*o + 9 = -o. Let h(f) = 5*f - 10. Let n(g) = -g + 2. Let b(t) = 2*h(t) + 11*n(t). Let j be b(o). Calculate x(j).
-5
Let q(z) = 2*z**2 + 10*z + 21. Suppose 10*l - 153 = -183. Calculate q(l).
9
Let t(f) = -f**2 - f - 1. Let s(o) = o**2 + 8*o + 1. Let r(p) = -p**2 + 4*p + 13. Let h be r(6). Let k(u) = h*s(u) + 2*t(u). Calculate k(7).
-8
Suppose -165*g + 841 - 130 = -279. Let t(m) be the first derivative of -m**3/3 + 9*m**2/2 - 6*m + 1. Give t(g).
12
Let o(h) = -2*h**2 + 3*h + 0 + 2 + 17*h**3 - 18*h**3. Let j(g) = 9*g + 12. Let r(w) = 5*w + 6. Let p(y) = 4*j(y) - 7*r(y). Let q be p(-9). Give o(q).
2
Let a(y) = -y - 5. Let o(j) = 1. Let b(l) = -2*a(l) - 11*o(l). Suppose 41*x - 176 = -299. Calculate b(x).
-7
Let z(a) = 2*a + 3. Let n(k) = 2*k + 3. Let r(b) = 5*n(b) - 6*z(b). Let h(i) = -i**2 - i + 16. Let s be h(-5). What is r(s)?
5
Let h(a) = -6*a**3 - 2*a**2 + a - 13. Let f(p) = 3*p**3 + p**2 - p + 5. Let l(r) = 5*f(r) + 2*h(r). Let m(x) = -x**2 + 6*x + 5. Let v be m(7). What is l(v)?
-15
Suppose -18 + 3 = 3*n + 5*z, 15 = 2*n - 5*z. Let b(i) be the second derivative of -i**3/6 + 3*i**2/2 - 2*i - 6. What is b(n)?
3
Suppose 41*i = 48*i. Let r(p) = 0 + 2 + i - p**2. Calculate r(3).
-7
Let o(g) = 2*g**2 + 14*g - 18. Suppose -29*s - 13 = -27*s - a, 0 = 2*a + 6. Give o(s).
-2
Suppose -p = 2*p + 108. Let r = p - -37. Let s(v) = 2*v**2 + v. Give s(r).
3
Let l(i) be the first derivative of 2*i**2 - 10 + i - 3*i**2 + 0*i + 2*i. Calculate l(5).
-7
Let m(n) = n**3 + 4*n**2 - 8*n - 7. Let s be (7 - (-1 - -7))*-5. Calculate m(s).
8
Suppose 3*s = 3, l + 8*s - 11 = 3*s. Let m(c) = -7*c. Let w(f) = f. Let x(v) = l*w(v) + 2*m(v). Let u(y) = 3*y. Let j(g) = 10*u(g) + 3*x(g). Determine j(1).
6
Let l(u) = 3*u**2 + 55*u - 14. Let k(q) = 5*q**2 + 84*q - 20. Let o(s) = 5*k(s) - 8*l(s). What is o(19)?
-7
Suppose -3*p + 50 = -8*p. Let n = 156 - 147. Let x be n/(-15) - 56/p. Let b(j) = -3*j + 1. Calculate b(x).
-14
Let i(u) = 3 - 3*u**2 - u**3 + 63*u - 77*u + 2 + 16*u. Determine i(-3).
-1
Let o(z) = -z**2 - 4*z + 12. Let q be o(-5). Suppose -q*y = -1 - 13. Let i(j) = -2*j**2 + 3*j - 3. Calculate i(y).
-5
Let j(f) = 2*f**2 + 8*f - 8. Let o(i) = 3*i**2 + 16*i - 15. Let w(g) = 5*j(g) - 3*o(g). Suppose 24*t = 15*t + 54. Calculate w(t).
-7
Let a(t) = -t**2 + 14*t - 10. Let r be a(13). Suppose -18 = -r*o - 0*o. Let x(c) = -14*c + 11. Let p(g) = -5*g + 4. Let i(m) = 17*p(m) - 6*x(m). Give i(o).
-4
Let u(r) = -r - 40. Let k be u(-35). Let z(q) = -4*q - 11. Determine z(k).
9
Let b(g) be the first derivative of g**4/4 - 25*g**3/3 + g**2/2 - 24*g + 270. Determine b(25).
1
Let n(x) = -x**2 - 4*x + 15. Let u(m) = 4*m**2 + 17*m - 55. Let a(v) = -11*n(v) - 3*u(v). Suppose -2*i - 4*z - 13 = i, -i = -3*z. Calculate a(i).
12
Let a(j) = j + 5. Let c(s) = s + 4. Let v(h) = -5*a(h) + 6*c(h). Calculate v(-5).
-6
Let g(c) = c**3 + c**2 + c - 2. Let p be (-2 + -1)/(-3)*-8. Let s = p - -12. Let a be (3/6)/((-1)/s). Give g(a).
-8
Let r(k) = -k**3 - 3*k**2 - 2*k + 2. Let o be r(-2). Let q(s) be the first derivative of 2*s**3/3 - s**2/2 + 2*s - 2444. Give q(o).
8
Let s be (-4 + 8 + -3)*3. Let a(g) = g**2 - 2*g + g - s - g**3 - 2*g**2 + 0*g. Give a(0).
-3
Let m(t) be the first derivative of -t**4/4 + 8*t**3/3 - t**2/2 + 10*t + 1. Let a(b) = -7*b**2 + 169*b - 176. Let x be a(23). What is m(x)?
2
Let n = 35 - 20. Let f(r) = r**3 - 16*r**2 + 16*r - 19. Let u be f(n). Let c(q) = -q**3 - 4*q**2 + 2. Give c(u).
2
Let g(v) = -2*v**3 - 4. Let n be (2 - -2) + -1*7. What is g(n)?
50
Let n = -83 - -85. Let i(p) = 2*p + p**3 - 47*p**n + 127*p**2 - 41*p**2 - 44*p**2 + 2. Let w = 2 + 1. Determine i(w).
-10
Let d(t) = 11*t - 1. Let j = 396 + -397. Give d(j).
-12
Let c(u) = 2*u - 7. Suppose 10 = -5*p - 0*p, 0 = 3*i + 4*p + 2. Let f be (i - (-40)/(-14))*35/(-5). What is c(f)?
5
Let z(o) = 15*o**2 - 10*o + 27. Let a(g) = -7*g**2 + 5*g - 13. Suppose 12*v + 3 = 9*v, -38 = -3*b - v. Let t(p) = b*a(p) + 6*z(p). Determine t(5).
-7
Suppose -7*n - 18 = -5*n. Let b(x) = -x**2 - 8*x + 13. Determine b(n).
4
Suppose g + 16 = 19. Let m be 3 + (-3 - 3) + g. Let s(h) = -h**3 + h**2 + h + 5. Determine s(m).
5
Suppose 10 = -279*i + 281*i. Let a(h) = -9*h + 10. Calculate a(i).
-35
Let g be 6 + 0 - 12/3. Suppose -c = -4*z - 8 - g, 0 = -5*c + 3*z + 16. Let j(v) = 1 + v**c + 2 + 81*v - 88*v. Give j(6).
-3
Suppose 7*r - 204 = 41. Let m(v) = -v**2 + 7*v - 11*v - 38 + r. What is m(-4)?
-3
Let n(u) = 2*u**2 + 14*u - 39. Let x be n(-9). Let m(k) = -5*k - 19. What is m(x)?
-4
Let n(x) = 8*x**3 - 2*x + 1. Let h = -1 + -4. Let c = -4 - h. Suppose -g + 0*g = -c. What is n(g)?
7
Let g(a) be the second derivative of -2 + 0*a**2 - 5/6*a**3 - 40*a - 1/12*a**4. Give g(-5).
0
Suppose -s - 35 = -28. Let c(x) = -x + 5. Give c(s).
12
Let c(u) be the third derivative of -19*u**6/60 + u**5/30 - u**3/6 + 695*u**2. What is c(-1)?
39
Let d(j) = j**2 + 6*j - 5. Let y be 303/33 - (-4)/(-22). Let h be y/36 - (-11)/4. Let f = -4 - h. Calculate d(f).
2
Let x(g) = g**2 - 13*g + 7. Suppose 7 - 317 = -31*i. Give x(i).
-23
Let i(w) = -48*w**2 - 6*w**3 + 44*w**2 + 6*w**3 - 3*w - 5 - w**3. What is i(-3)?
-5
Suppose 12 = -3*k, -5*w + 2*w = -4*k - 16. Let u(f) = w - 9 + 0 + f + 10. Suppose -4*x = 5*b - 11, 5*b = 4*x + 4 + 15. Calculate u(x).
0
Let p(i) be the second derivative of -i**3/3 - i**2 - 2*i. Let y = -1990 - -1983. What is p(y)?
12
Let w(n) be the third derivative of n**6/120 + n**5/10 + n**4/4 + 2*n**3/3 + 3*n**2. Suppose -5*v = 10, 2*s + 3 = 3*s - 4*v. Calculate w(s).
-1
Let s(i) = -i - 3. Suppose -5*v = -9*v - 20. Let p be s(v). Let y(u) = -p*u + u**2 - 3*u - 4 + 6. What is y(4)?
-2
Let k(c) = 552*c**2 + 0*c - 551*c**2 - 3 + c. Determine k(5).
27
Let c(h) = 3*h - 7 - 12*h**2 + 23*h**2 - 10*h**2 + h. Let p be c(9). Let l be 1/(-4) - p/40. Let w(x) = x**3 + 2*x**2 - 4*x + 1. Determine w(l).
4
Let a be 5 - ((-9)/(-3) + -5). Let x(l) = l**3 - 8*l**2 + 7*l + 1. Let s be x(a). Let q(u) be the second derivative of -u**5/5 + u**4/12 - 3*u. Determine q(s).
-3
Let n(w) = 2*w**2 - 2*w - 1. Let l(k) = -15*k - 161. Let j be l(-11). Determine n(j).
23
Let h(k) = -4*k**2 - 14*k - 5. Let b(s) = -7*s**2 - 26*s - 9. Let z(v) = 3*b(v) - 5*h(v). Give z(-8).
-2
Let s(m) = 7*m. Let a(j) = -9*j - j**2 + 3*j + 4*j**2 + j**3 + j**2 - 5. Let x be a(-5). Suppose 0 = -4*n + 3*g + 1, -4*g + 1 + x = -3*n. Determine s(n).
7
Suppose 5*g - g = -24. Let x(y) = -y**2 + 4*y + 7. Let o(p) = -4*p**2 + 11*p + 23. Let s(j) = -2*o(j) + 7*x(j). What is s(g)?
3
Let f(p) = -p**2 - 5*p - 6. Let d be (340/3)/(-5)*(-2 + -1). Let n = 62 - d. Determine f(n).
-12
Let n(u) = -8 - 245*u + 121*u + 123*u + 11. Suppose 4*j = j + 6. Let g be ((-2)/3)/(j/(-15)). Calculate n(g).
-2
Let c(n) = 17 + 6*n**2 + 4*n**2 + 10*n + 4*n**2 - 15*n**2. Determine c(11).
6
Suppose 2 + 5 = -p. Let h(k) = 2*k. Let z(s) = s - 1. Let g(u) = -4*h(u) + 7*z(u). Calculate g(p).
0
Suppose -69 = -12*k - 9. Let t(w) = w**3 - 4*w**2 - 5*w - 2. Calculate t(k).
-2
Let q(a) = a + 5. Suppose -30*k = -5*k + 200. What is q(k)?
-3
Let g(k) = k**2 + 10*k + 5. Let q be g(-10). Suppose 21 = -q*r + 1. Let m(j) = -3*j - 6. What is m(r)?
6
Let p(r) = -r**2 + 2*r + 5. Let q be ((-125)/(-15) + -9)*21/(-2). Give p(q).
-30
Let p(n) be the third derivative of -n**6/120 - n**5/12 + n**4/4 + 3*n**3/2 - 5*n**2. Suppose -2*w + 0*k = -2*k + 4, 2*k = w - 2. Determine p(w).
9
Let i(q) = q**3 + 5*q**2 + 7*q + 4. Suppose -104 = -75*b - 404. Give i(b).
-8
Let p(v) = v**2 + v - 3. Let c(b) = 9*b + 9. Let t(q) = -5*q - 4. Let m(d) = 2*d - 3. Let k b